{"id":432,"date":"2015-04-27T16:56:09","date_gmt":"2015-04-27T16:56:09","guid":{"rendered":"http:\/\/www.urgencetogo.fr\/?page_id=432"},"modified":"2015-04-28T17:48:57","modified_gmt":"2015-04-28T17:48:57","slug":"presentation-generale","status":"publish","type":"page","link":"https:\/\/www.urgencetogo.fr\/?page_id=432","title":{"rendered":"Pr\u00e9sentation g\u00e9n\u00e9rale"},"content":{"rendered":"<p align=\"justify\"><span style=\"font-size: large;\"><a href=\"http:\/\/www.urgencetogo.fr\/wp-content\/uploads\/2015\/04\/images.png\"><img loading=\"lazy\" class=\" size-full wp-image-452 alignleft\" src=\"http:\/\/www.urgencetogo.fr\/wp-content\/uploads\/2015\/04\/images.png\" alt=\"images\" width=\"260\" height=\"194\" \/><\/a><\/span><\/p>\n<p align=\"justify\"><span style=\"font-size: large;\">Pays de l&rsquo;<strong>Afrique de l&rsquo;ouest<\/strong>. Sa <strong>capitale est Lom\u00e9<\/strong>. C&rsquo;est un pays baign\u00e9 au sud par l&rsquo;oc\u00e9an Atlantique. Il est entour\u00e9 \u00e0 l&rsquo;ouest par le Ghana, au nord par le Burkina Faso et \u00e0 l&rsquo;est par le B\u00e9nin.<\/span><\/p>\n<p align=\"justify\"><span style=\"font-size: large;\">\u00a0<\/span><\/p>\n<p align=\"justify\"><span style=\"font-size: large;\">Sa superficie peu \u00e9lev\u00e9 ne l&#8217;emp\u00eache pas d&rsquo;offrir une grande diversit\u00e9 de paysages et un panorama exceptionnel. Comme la c\u00f4te sabl\u00e9, au sud, les collines et les vall\u00e9es au centre puis les plaines et les grandes savanes au nord.<\/span><\/p>\n<p align=\"center\"><span style=\"font-size: x-large; color: #008080;\">Le climat<\/span><\/p>\n<p align=\"left\"><span style=\"font-size: large;\">Nous pouvons distinguer diff\u00e9rents temps \u00e0 diff\u00e9rentes p\u00e9riodes :<\/span><\/p>\n<p style=\"padding-left: 30px;\" align=\"left\"><span style=\"font-size: large;\">&#8211; Vent faible et sec, de d\u00e9cembre \u00e0 janvier.<br \/>\n&#8211; Pluies, de avril \u00e0 juillet puis de octobre \u00e0 novembre.<br \/>\n&#8211; Chaleur, de f\u00e9vrier \u00e0 mi-avril.<\/span><\/p>\n<p style=\"padding-left: 30px;\" align=\"left\"><span style=\"font-size: large;\">\u00a0<\/span><\/p>\n","protected":false},"excerpt":{"rendered":"<p>Pays de l&rsquo;Afrique de l&rsquo;ouest. Sa capitale est Lom\u00e9. C&rsquo;est un pays baign\u00e9 au sud par l&rsquo;oc\u00e9an Atlantique. Il est entour\u00e9 \u00e0 l&rsquo;ouest par le Ghana, au nord par le Burkina Faso et \u00e0 l&rsquo;est par le B\u00e9nin. \u00a0 Sa &hellip; <a href=\"https:\/\/www.urgencetogo.fr\/?page_id=432\">Continuer la lecture <span class=\"meta-nav\">&rarr;<\/span><\/a><\/p>\n","protected":false},"author":9,"featured_media":0,"parent":0,"menu_order":0,"comment_status":"closed","ping_status":"open","template":"","meta":{"_mc_calendar":[]},"_links":{"self":[{"href":"https:\/\/www.urgencetogo.fr\/index.php?rest_route=\/wp\/v2\/pages\/432"}],"collection":[{"href":"https:\/\/www.urgencetogo.fr\/index.php?rest_route=\/wp\/v2\/pages"}],"about":[{"href":"https:\/\/www.urgencetogo.fr\/index.php?rest_route=\/wp\/v2\/types\/page"}],"author":[{"embeddable":true,"href":"https:\/\/www.urgencetogo.fr\/index.php?rest_route=\/wp\/v2\/users\/9"}],"replies":[{"embeddable":true,"href":"https:\/\/www.urgencetogo.fr\/index.php?rest_route=%2Fwp%2Fv2%2Fcomments&post=432"}],"version-history":[{"count":6,"href":"https:\/\/www.urgencetogo.fr\/index.php?rest_route=\/wp\/v2\/pages\/432\/revisions"}],"predecessor-version":[{"id":455,"href":"https:\/\/www.urgencetogo.fr\/index.php?rest_route=\/wp\/v2\/pages\/432\/revisions\/455"}],"wp:attachment":[{"href":"https:\/\/www.urgencetogo.fr\/index.php?rest_route=%2Fwp%2Fv2%2Fmedia&parent=432"}],"curies":[{"name":"wp","href":"https:\/\/api.w.org\/{rel}","templated":true}]}}