{"id":300,"date":"2015-04-24T09:58:44","date_gmt":"2015-04-24T09:58:44","guid":{"rendered":"http:\/\/www.urgencetogo.fr\/?page_id=300"},"modified":"2015-05-06T15:17:14","modified_gmt":"2015-05-06T15:17:14","slug":"adherents","status":"publish","type":"page","link":"https:\/\/www.urgencetogo.fr\/?page_id=300","title":{"rendered":"Adh\u00e9rents"},"content":{"rendered":"<p align=\"justify\"><span style=\"font-size: large;\">Une <u>trentaine d&rsquo;adh\u00e9rents<\/u> cotisent chaque ann\u00e9e pour aider l&rsquo;association.<\/span><\/p>\n<p align=\"center\"><strong><span style=\"color: #ff6600;\"><span style=\"font-family: Tibetan Machine Uni;\"><span style=\"font-size: x-large;\">L&rsquo;assembl\u00e9e g\u00e9n\u00e9rale<\/span><\/span><\/span><\/strong><\/p>\n<p align=\"justify\"><span style=\"font-size: large;\">Tous les adh\u00e9rents y sont convi\u00e9s, une fois par an. Elle permet de pr\u00e9senter\u00a0l\u2019\u00e9tat d\u2019avancement des diff\u00e9rents projets, de discuter et de d\u00e9cider du financement de nouveaux projets.<\/span><\/p>\n<p align=\"center\"><span style=\"font-size: large;\"><b>Pour adh\u00e9rer \u00e0 l&rsquo;association, rien de plus simple : une cotisation minimale de 1,50 \u20ac est demand\u00e9e. Il suffit de nous contacter !<\/b><\/span><\/p>\n","protected":false},"excerpt":{"rendered":"<p>Une trentaine d&rsquo;adh\u00e9rents cotisent chaque ann\u00e9e pour aider l&rsquo;association. L&rsquo;assembl\u00e9e g\u00e9n\u00e9rale Tous les adh\u00e9rents y sont convi\u00e9s, une fois par an. Elle permet de pr\u00e9senter\u00a0l\u2019\u00e9tat d\u2019avancement des diff\u00e9rents projets, de discuter et de d\u00e9cider du financement de nouveaux projets. Pour &hellip; <a href=\"https:\/\/www.urgencetogo.fr\/?page_id=300\">Continuer la lecture <span class=\"meta-nav\">&rarr;<\/span><\/a><\/p>\n","protected":false},"author":9,"featured_media":0,"parent":0,"menu_order":0,"comment_status":"closed","ping_status":"open","template":"","meta":{"_mc_calendar":[]},"_links":{"self":[{"href":"https:\/\/www.urgencetogo.fr\/index.php?rest_route=\/wp\/v2\/pages\/300"}],"collection":[{"href":"https:\/\/www.urgencetogo.fr\/index.php?rest_route=\/wp\/v2\/pages"}],"about":[{"href":"https:\/\/www.urgencetogo.fr\/index.php?rest_route=\/wp\/v2\/types\/page"}],"author":[{"embeddable":true,"href":"https:\/\/www.urgencetogo.fr\/index.php?rest_route=\/wp\/v2\/users\/9"}],"replies":[{"embeddable":true,"href":"https:\/\/www.urgencetogo.fr\/index.php?rest_route=%2Fwp%2Fv2%2Fcomments&post=300"}],"version-history":[{"count":14,"href":"https:\/\/www.urgencetogo.fr\/index.php?rest_route=\/wp\/v2\/pages\/300\/revisions"}],"predecessor-version":[{"id":473,"href":"https:\/\/www.urgencetogo.fr\/index.php?rest_route=\/wp\/v2\/pages\/300\/revisions\/473"}],"wp:attachment":[{"href":"https:\/\/www.urgencetogo.fr\/index.php?rest_route=%2Fwp%2Fv2%2Fmedia&parent=300"}],"curies":[{"name":"wp","href":"https:\/\/api.w.org\/{rel}","templated":true}]}}