{"id":287,"date":"2015-04-24T09:53:57","date_gmt":"2015-04-24T09:53:57","guid":{"rendered":"http:\/\/www.urgencetogo.fr\/?page_id=287"},"modified":"2015-04-27T11:09:36","modified_gmt":"2015-04-27T11:09:36","slug":"lassociation","status":"publish","type":"page","link":"https:\/\/www.urgencetogo.fr\/?page_id=287","title":{"rendered":"Les objectifs"},"content":{"rendered":"<p align=\"justify\"><span style=\"font-size: large;\"><u><b>Sensibiliser l&rsquo;opinion<\/b><\/u> fran\u00e7aise aux probl\u00e8mes v\u00e9cus au Togo, par l&rsquo;interm\u00e9diaire de\u00a0: <\/span><\/p>\n<ul>\n<li><span style=\"font-size: large;\">l&rsquo;\u00e9dition de d\u00e9pliants d&rsquo;information,<\/span><\/li>\n<li><span style=\"font-size: large;\">l&rsquo;organisation d&rsquo;expositions, de conf\u00e9rences,\u2026<\/span><\/li>\n<\/ul>\n<p align=\"justify\"><span style=\"font-size: x-large;\"><span style=\"text-decoration: underline;\"><b><a href=\"http:\/\/www.urgencetogo.fr\/wp-content\/uploads\/2015\/03\/DPP_0009.jpg\"><img loading=\"lazy\" class=\" size-medium wp-image-163 aligncenter\" src=\"http:\/\/www.urgencetogo.fr\/wp-content\/uploads\/2015\/03\/DPP_0009-300x200.jpg\" alt=\"DPP_0009\" width=\"300\" height=\"200\" srcset=\"https:\/\/www.urgencetogo.fr\/wp-content\/uploads\/2015\/03\/DPP_0009-300x200.jpg 300w, https:\/\/www.urgencetogo.fr\/wp-content\/uploads\/2015\/03\/DPP_0009-1024x682.jpg 1024w, https:\/\/www.urgencetogo.fr\/wp-content\/uploads\/2015\/03\/DPP_0009.jpg 1280w\" sizes=\"(max-width: 300px) 100vw, 300px\" \/><\/a><\/b><\/span><\/span><\/p>\n<p align=\"justify\"><span style=\"font-size: large;\"><u><b>Collecter de l&rsquo;argent<\/b><\/u>, gr\u00e2ce \u00e0\u00a0: <\/span><\/p>\n<ul>\n<li><span style=\"font-size: large;\">des dons financiers,<\/span><\/li>\n<li><span style=\"font-size: large;\">la cotisations des adh\u00e9rents (minimum de 1,50 \u20ac par mois),<\/span><\/li>\n<li><span style=\"font-size: large;\">l&rsquo;organisation de soir\u00e9es festives. <\/span><\/li>\n<\/ul>\n","protected":false},"excerpt":{"rendered":"<p>Sensibiliser l&rsquo;opinion fran\u00e7aise aux probl\u00e8mes v\u00e9cus au Togo, par l&rsquo;interm\u00e9diaire de\u00a0: l&rsquo;\u00e9dition de d\u00e9pliants d&rsquo;information, l&rsquo;organisation d&rsquo;expositions, de conf\u00e9rences,\u2026 Collecter de l&rsquo;argent, gr\u00e2ce \u00e0\u00a0: des dons financiers, la cotisations des adh\u00e9rents (minimum de 1,50 \u20ac par mois), l&rsquo;organisation de soir\u00e9es &hellip; <a href=\"https:\/\/www.urgencetogo.fr\/?page_id=287\">Continuer la lecture <span class=\"meta-nav\">&rarr;<\/span><\/a><\/p>\n","protected":false},"author":9,"featured_media":0,"parent":0,"menu_order":0,"comment_status":"closed","ping_status":"open","template":"","meta":{"_mc_calendar":[]},"_links":{"self":[{"href":"https:\/\/www.urgencetogo.fr\/index.php?rest_route=\/wp\/v2\/pages\/287"}],"collection":[{"href":"https:\/\/www.urgencetogo.fr\/index.php?rest_route=\/wp\/v2\/pages"}],"about":[{"href":"https:\/\/www.urgencetogo.fr\/index.php?rest_route=\/wp\/v2\/types\/page"}],"author":[{"embeddable":true,"href":"https:\/\/www.urgencetogo.fr\/index.php?rest_route=\/wp\/v2\/users\/9"}],"replies":[{"embeddable":true,"href":"https:\/\/www.urgencetogo.fr\/index.php?rest_route=%2Fwp%2Fv2%2Fcomments&post=287"}],"version-history":[{"count":7,"href":"https:\/\/www.urgencetogo.fr\/index.php?rest_route=\/wp\/v2\/pages\/287\/revisions"}],"predecessor-version":[{"id":409,"href":"https:\/\/www.urgencetogo.fr\/index.php?rest_route=\/wp\/v2\/pages\/287\/revisions\/409"}],"wp:attachment":[{"href":"https:\/\/www.urgencetogo.fr\/index.php?rest_route=%2Fwp%2Fv2%2Fmedia&parent=287"}],"curies":[{"name":"wp","href":"https:\/\/api.w.org\/{rel}","templated":true}]}}